e 9) to base 12.
17196
What is -246 (base 10) in base 4?
-3312
Convert -474 (base 12) to base 16.
-298
What is -24023 (base 5) in base 6?
-12055
Convert -1211212 (base 3) to base 16.
-542
-1112302 (base 4) to base 8
-12662
What is 1845 (base 11) in base 3?
10012222
-14964 (base 10) to base 8
-35164
Convert -100002 (base 4) to base 5.
-13101
Convert 32355 (base 8) to base 9.
20524
What is 4136 (base 10) in base 16?
1028
What is dc (base 15) in base 8?
317
What is -12717 (base 8) in base 15?
-19c3
What is -3023 (base 12) in base 15?
-1826
What is -3ba (base 15) in base 6?
-3534
What is -348 (base 10) in base 9?
-426
Convert 8113 (base 10) to base 7.
32440
Convert 364e (base 15) to base 7.
45446
What is d89 (base 14) in base 11?
2007
Convert 12 (base 14) to base 7.
22
What is -17a6 (base 15) in base 16?
-13f2
-316 (base 13) to base 6
-2234
-8404 (base 12) to base 16
-3844
Convert -120321 (base 4) to base 15.
-713
Convert 1b5 (base 16) to base 7.
1163
What is b6b (base 12) in base 11?
1286
What is 3433 (base 7) in base 12?
881
-c9b (base 13) to base 5
-32111
Convert -1b089 (base 13) to base 15.
-109cb
What is -4632 (base 11) in base 6?
-44101
Convert 27d (base 15) to base 10.
568
15755 (base 8) to base 13
333c
What is db (base 14) in base 6?
521
What is 2468 (base 9) in base 2?
11100110100
Convert -1225 (base 7) to base 5.
-3320
4563 (base 12) to base 7
31320
What is -1400 (base 5) in base 15?
-100
Convert 1010320 (base 4) to base 13.
2011
-6059 (base 10) to base 4
-1132223
Convert 648 (base 11) to base 15.
36d
-15422 (base 9) to base 15
-31d5
2394 (base 14) to base 11
4732
What is -160 (base 7) in base 5?
-331
What is -10473 (base 8) in base 12?
-2677
Convert 40541 (base 8) to base 4.
10011201
-11012011 (base 3) to base 8
-5757
36568 (base 10) to base 5
2132233
150b (base 15) to base 3
20012002
Convert 411 (base 13) to base 12.
496
What is -2421 (base 16) in base 13?
-4296
44414 (base 5) to base 8
6045
1730 (base 11) to base 9
3026
What is -222103 (base 4) in base 15?
-c07
What is 1011010111 (base 2) in base 7?
2056
Convert -20980 (base 11) to base 16.
-76fb
What is 1b5 (base 12) in base 5?
2111
1000110011100000 (base 2) to base 4
20303200
Convert -220211002 (base 3) to base 10.
-18092
What is 4228 (base 9) in base 16?
c20
What is 1011011010110 (base 2) in base 15?
1aeb
Convert 224441 (base 5) to base 16.
1fb9
What is 7cb (base 13) in base 16?
546
What is b71 (base 14) in base 2?
100011001111
Convert -513 (base 15) to base 5.
-14033
What is 111110000011 (base 2) in base 8?
7603
130f2 (base 16) to base 12
39216
21111132 (base 4) to base 2
1001010101011110
What is 9717 (base 13) in base 6?
241040
101011101010 (base 2) to base 12
174a
Convert -1211000120 (base 3) to base 16.
-8b98
What is -995 (base 15) in base 14?
-b09
-8145 (base 16) to base 7
-165324
Convert -435421 (base 6) to base 3.
-1211200211
What is 2312 (base 9) in base 15?
792
Convert -101 (base 12) to base 10.
-145
Convert 26038 (base 9) to base 5.
1030111
-245064 (base 7) to base 10
-44979
What is -19b7 (base 13) in base 9?
-5267
What is 150323 (base 6) in base 3?
201201120
Convert -21102010 (base 3) to base 4.
-1110123
a55 (base 12) to base 7
4250
-724 (base 13) to base 14
-629
-312201 (base 4) to base 14
-13b3
-12331032 (base 4) to base 11
-1a454
What is 301223 (base 4) in base 12?
1a0b
What is 7602 (base 14) in base 4?
10332202
What is 152aa (base 15) in base 2?
10000101000001110
-2140 (base 12) to base 2
-111001000000
2d7 (base 14) to base 10
581
Convert -a8 (base 12) to base 8.
-200
1896 (base 11) to base 9
3261
Convert -1101111001 (base 2) to base 4.
-31321
Convert 1022003 (base 4) to base 6.
33535
What is 3217 (base 9) in base 4?
210331
What is -211001 (base 4) in base 2?
-100101000001
-12200 (base 5) to base 4
-32131
-1300001 (base 4) to base 8
-16001
21553 (base 8) to base 3
110102211
What is -ac0a (base 14) in base 13?
-10746
Convert -1224424 (base 5) to base 13.
-aa61
-648 (base 9) to base 12
-382
What is -1010101000100 (base 2) in base 7?
-21605
-12312 (base 4) to base 2
-110110110
Convert 102221 (base 4) to base 16.
4a9
What is 11664 (base 15) in base 12?
28104
2761 (base 8) to base 5
22041
22b (base 15) to base 2
111101011
Convert 5730 (base 14) to base 7.
62060
What is 1014a (base 12) in base 3?
1001201111
Convert -1352112 (base 6) to base 4.
-102302030
Convert -105421 (base 7) to base 8.
-44455
What is -5324 (base 10) in base 13?
-2567
What is -13200 (base 5) in base 4?
-100122
What is 5a80 (base 16) in base 4?
11222000
585 (base 13) to base 14
4c2
Convert -7a49 (base 12) to base 13.
-6258
Convert -886 (base 15) to base 16.
-786
What is c9 (base 13) in base 15?
b0
Convert -823 (base 10) to base 9.
-1114
What is -222010 (base 3) in base 12?
-4a9
-223312 (base 7) to base 13
-15043
What is -5435 (base 7) in base 13?
-b60
What is -5384 (base 10) in base 14?
-1d68
Convert 117 (base 8) to base 13.
61
-25841 (base 11) to base 12
-19472
Convert 52250 (base 9) to base 3.
1202021200
Convert 22122 (base 4) to base 15.
2e6
Convert -1001001101 (base 2) to base 15.
-294
3232221 (base 4) to base 6
154413
What is -286 (base 13) in base 3?
-121121
1112 (base 5) to base 9
184
Convert -41477 (base 8) to base 9.
-25547
What is 21214 (base 5) in base 3?
1222010
What is 110000011011101 (base 2) in base 14?
9073
Convert -110001010110001 (base 2) to base 5.
-1302030
3423 (base 5) to base 13
2b7
1312 (base 5) to base 15
dc
500 (base 11) to base 10
605
What is d1cf (base 16) in base 6?
1052355
What is 200220120 (base 3) in base 4?
3113121
-3567 (base 8) to base 7
-5400
Convert -1233 (base 5) to base 2.
-11000001
What is -206 (base 8) in base 13?
-a4
Convert 2108 (base 13) to base 12.
278b
What is -5173 (base 9) in base 13?
-1959
Convert acc (base 15) to base 14.
c66
What is 32304 (base 6) in base 10?
4432
-13052 (base 10) to base 16
-32fc
130223 (base 4) to base 13
ab2
Convert -1160 (base 10) to base 13.
-6b3
Convert 2ef (base 16) to base 15.
351
2205 (base 7) to base 9
1066
Convert -200070 (base 8) to base 11.
-4530a
133023 (base 4) to base 3
2201220
What is 225515 (base 6) in base 12?
b29b
5263 (base 7) to base 16
742
-200012220 (base 3) to base 9
-20186
What is -225 (base 8) in base 4?
-2111
Convert -1188 (base 13) to base 11.
-1953
Convert -10001001001011 (base 2) to base 16.
-224b
Convert -489 (base 15) to base 11.
-856
-134 (base 11) to base 15
-a8
-218a5 (base 11) to base 9
-47427
-221402 (base 6) to base 8
-44112
Convert 44a0 (base 11) to base 14.
222a
-1342 (base 11) to base 10
-1740
What is -9783 (base 14) in base 15?
-7b58
Convert -5367 (base 10) to base 16.
-14f7
What is -4143 (base 5) in base 7?
-1412
Convert 10000111010111000 (base 2) to base 3.
10112001211
-b3c (base 15) to base 5
-40112
Convert 5b1 (base 12) to base 9.
1147
Convert -42515 (base 6) to base 14.
-218b
Convert -22134 (base 7) to base 3.
-21122000
-152205 (base 6) to base 13
-694a
Convert -4098 (base 10) to base 7.
-14643
25b3 (base 12) to base 8
10327
Convert -4126 (base 8) to base 13.
-c82
What is 2215 (base 6) in base 7?
1334
Convert 11779 (base 10) to base 4.
2320003
What is -1b58 (base 14) in base 10?
-4978
2015 (base 7) to base 14
37c
What is 10010001110 (base 2) in base 8?
2216
What is 24043 (base 13) in base 2?
10000000110101101
1146 (base 9) to base 14
44c
-2667 (base 16) to base 11
-7428
-131053 (base 6) to base 11
-8a50
What is -7687 (base 12) in base 9?
-18824
Convert 10111100110011 (base 2) to base 13.
5666
What is -640 (base 10) in base 6?
-2544
-1006 (base 7) to base 11
-298
Convert -1eb2 (base 16) to base 12.
-466a
What is -75b5 (base 13) in base 11?
-11334
-5030 (base 6) to base 8
-2112
What is 6025 (base 13) in base 9?
20111
Convert -2453 (base 6) to base 4.
-21201
What is 2996 (base 10) in base 9?
4088
110100011001100 (base 2) to base 7
141134
What is 1120 (base 5) in base 16?
a0
-583 (base 11) to base 15
-316
Convert 10504 (base 9) to base 3.
100120011
Convert -b47 (base 13) to base 10.
-1918
Convert 333 (base 7) to base 5.
1141
Convert 116654 (base 7) to base 16.
545f
Convert -324 (base 9) to base 2.
-100001001
Convert 216247 (base 8) to base 12.
36207
Convert -31331 (base 5) to base 8.
-4053
What is 665 (base 11) in base 9?
1075
-23b1 (base 12) to base 8
-7665
-111000 (base 2) to base 6
-132
